55219 a multiple of 17?
False
Does 56 divide 493512707?
False
Is 3715210636 a multiple of 502?
True
Is 382193292 a multiple of 3302?
True
Is 4997280 a multiple of 96?
True
Does 911 divide 1225563983?
False
Does 74 divide 40874270?
True
Does 77 divide 450341584?
True
Is 19832352 a multiple of 32?
True
Is 48848554 a multiple of 7?
False
Is 737 a factor of 66665188?
False
Is 4890 a factor of 620404080?
True
Is 16 a factor of 42552704?
True
Does 3795 divide 34257465?
True
Is 47607003 a multiple of 17?
False
Is 121576420 a multiple of 31?
True
Does 224 divide 1491430196?
False
Does 54 divide 125920384?
False
Is 13 a factor of 277695108?
False
Is 13 a factor of 26287551?
False
Is 51011025 a multiple of 13?
True
Is 18 a factor of 1576861?
False
Does 222 divide 272358269?
False
Is 606050 a multiple of 575?
True
Is 557977328 a multiple of 3896?
True
Is 575 a factor of 4248095?
False
Is 2567 a factor of 2292680112?
True
Is 775 a factor of 408497836?
False
Is 55509402 a multiple of 338?
True
Is 4093 a factor of 443452249?
False
Does 31 divide 29837469?
True
Is 34375696 a multiple of 11?
False
Is 426542903 a multiple of 17?
True
Is 686 a factor of 132018642?
True
Is 4401428360 a multiple of 35?
True
Is 3 a factor of 1122013?
False
Is 1589196 a multiple of 42?
True
Is 260 a factor of 107557196?
False
Is 432 a factor of 139306161?
False
Does 8 divide 418051671?
False
Is 778243869 a multiple of 9?
True
Is 612051683 a multiple of 269?
False
Is 10 a factor of 470555267?
False
Is 195 a factor of 1447392465?
False
Is 8 a factor of 134941760?
True
Is 137104751 a multiple of 393?
False
Does 12 divide 41004984?
True
Does 5 divide 3290260?
True
Does 25 divide 274403324?
False
Does 4 divide 34313203?
False
Is 65724876 a multiple of 57?
True
Is 39 a factor of 47638422?
True
Is 53490645 a multiple of 9?
True
Is 809 a factor of 12656086?
False
Is 8157449 a multiple of 167?
True
Is 22 a factor of 135964309?
False
Does 15 divide 17334582?
False
Is 20415972 a multiple of 758?
True
Is 2 a factor of 15770112?
True
Is 101892485 a multiple of 680?
False
Does 82 divide 1783917788?
False
Is 1143 a factor of 21695283?
True
Does 48 divide 89556960?
True
Does 84 divide 23331084?
True
Does 105 divide 87143280?
True
Is 37 a factor of 73281724?
False
Does 558 divide 6146610?
False
Does 374 divide 201179462?
True
Is 470 a factor of 1024600?
True
Does 45 divide 1299316213?
False
Is 214 a factor of 49890758?
False
Does 205 divide 4778960?
True
Is 426229516 a multiple of 105?
False
Does 54 divide 130615777?
False
Does 676 divide 570143808?
True
Is 22896000 a multiple of 250?
True
Is 134 a factor of 25147407?
False
Does 2859 divide 23049258?
True
Is 384555216 a multiple of 23?
True
Does 63 divide 52586730?
True
Is 267194079 a multiple of 3849?
False
Does 9 divide 1126960355?
False
Is 165098223 a multiple of 9?
True
Is 328978185 a multiple of 2502?
False
Is 137948040 a multiple of 10?
True
Is 2 a factor of 57162963?
False
Is 141014784 a multiple of 768?
True
Does 269 divide 5421695?
True
Does 52 divide 7751330?
False
Is 95077515 a multiple of 13?
True
Is 609 a factor of 197887781?
False
Is 705812726 a multiple of 28?
False
Does 604 divide 19766049?
False
Is 2611 a factor of 93845950?
False
Does 53 divide 703630117?
False
Does 254 divide 235019991?
False
Does 4 divide 8352463?
False
Is 17431651 a multiple of 1914?
False
Is 38867763 a multiple of 206?
False
Is 42007188 a multiple of 521?
True
Does 15 divide 2193513?
False
Is 32 a factor of 17173920?
True
Is 399 a factor of 1252124662?
False
Is 774 a factor of 2496400591?
False
Is 645 a factor of 99931939?
False
Is 314567621 a multiple of 3908?
False
Is 21477093 a multiple of 408?
False
Does 11 divide 14289297?
True
Is 1118 a factor of 1921299?
False
Is 179745153 a multiple of 1506?
False
Is 296 a factor of 91848208?
True
Is 16 a factor of 690607233?
False
Is 10 a factor of 85986240?
True
Is 2933 a factor of 8881124?
True
Is 32 a factor of 7459264?
True
Does 14 divide 205366588?
True
Is 109581527 a multiple of 18?
False
Is 29 a factor of 47292116?
False
Is 26328131 a multiple of 12?
False
Is 12425550 a multiple of 10?
True
Is 12 a factor of 484470203?
False
Is 4636 a factor of 323926592?
True
Is 209296480 a multiple of 4640?
True
Does 133 divide 22149717?
False
Does 3679 divide 1206417680?
True
Does 647 divide 1040376?
True
Is 28205167 a multiple of 567?
False
Is 3278 a factor of 1587830420?
True
Is 192549487 a multiple of 2528?
False
Does 1113 divide 71489103?
True
Does 119 divide 1533702464?
True
Is 7 a factor of 15670760?
True
Is 117 a factor of 38951289?
True
Does 2349 divide 3865871767?
False
Is 10 a factor of 87080100?
True
Is 368259224 a multiple of 2244?
False
Does 33 divide 66269577?
True
Is 1642737740 a multiple of 4991?
True
Is 2998 a factor of 835689502?
True
Is 268943174 a multiple of 100?
False
Is 43933341 a multiple of 40?
False
Is 54 a factor of 43010430?
False
Is 559270580 a multiple of 40?
False
Does 7 divide 2336145?
True
Is 1279 a factor of 63549802?
False
Does 5 divide 1085526999?
False
Does 542 divide 11521590?
False
Is 1668442563 a multiple of 207?
True
Is 492 a factor of 1051897452?
False
Does 1751 divide 39523479?
False
Is 108 a factor of 22974408?
True
Does 406 divide 38763662?
True
Is 53670852 a multiple of 12?
True
Does 155 divide 114355064?
False
Is 83 a factor of 48510927?
True
Is 7 a factor of 83625467?
False
Is 74 a factor of 3289596?
True
Is 134234710 a multiple of 214?
True
Does 2476 divide 306965034?
False
Is 31 a factor of 1338940964?
True
Is 1661252285 a multiple of 20?
False
Does 15 divide 35730315?
True
Does 6 divide 2811706?
False
Is 140483662 a multiple of 947?
True
Is 9 a factor of 25794275?
False
Is 181963749 a multiple of 11?
True
Is 79052448 a multiple of 68?
True
Does 1163 divide 28657483?
True
Is 1697527790 a multiple of 13?
False
Is 37 a factor of 6449285?
True
Does 227 divide 52192529?
False
Is 1057758862 a multiple of 152?
False
Is 257 a factor of 32424298?
False
Does 19 divide 86331345?
True
Is 4144803513 a multiple of 316?
False
Does 1951 divide 162575877?
False
Does 37 divide 29743449?
True
Does 25 divide 184622200?
True
Does 23 divide 85104724?
False
Is 277090501 a multiple of 1294?
False
Is 5923582 a multiple of 14?
True
Is 21619527 a multiple of 280?
False
Does 4581 divide 2577618863?
False
Does 838 divide 27223457?
False
Is 66529944 a multiple of 172?
True
Is 17 a factor of 364114262?
True
Is 1320 a factor of 64818600?
True
Is 48 a factor of 2026478790?
False
Does 103 divide 152248658?
False
Does 7 divide 210027048?
True
Is 60 a factor of 26839991?
False
Is 161228615 a multiple of 6995?
False
Does 5 divide 1505421814?
False
Is 33 a factor of 1870671?
True
Does 1270 divide 391993307?
False
Is 148213965 a multiple of 285?
True
Is 264387552 a multiple of 11?
True
Does 1397 divide 125512487?
False
Does 203 divide 575844416?
True
Is 5868123552 a multiple of 1392?
True
Is 14282630 even?
True
Is 351873018 a multiple of 994?
True
Is 14 a factor of 334507425?
False
Is 110 a factor of 3433143?
False
Is 30 a factor of 93281412?
False
Is 521698006 a multiple of 3809?
False
Is 62 a factor of 1354026990?
True
Is 13 a factor of 14788699?
False
Is 83414180 a multiple of 1843?
True
Does 145 divide 18544340?
True
Does 8 divide 474426675?
False
Is 28 a factor of 11552469?
False
Does 67 divide 4064488?
True
Is 108 a factor of 153912528?
True
Is 407579804 a multiple of 58?
True
Is 2161 a factor of 80948899?
True
Does 41 divide 110180202?
True
Does 4194 divide 19044583?
False
Is 30406457 a multiple of 478?
False
Is 39526492 a multiple of 45?
False
Is 5330740709 a multiple of 7647?
False
Is 14916002 a multiple of 89?
False
Does 296 divide 29323796?
False
Is 140939370 a multiple of 1410?
True
Is 353 a factor of 3021555744?
True
Is 95458428 a multiple of 12?
True
Is 52437190 a multiple of 443?
False
Does 19 divide 18892335?
False
Does 505 divide 404027270?
True
Is 23719484 a multiple of 164?
True
Is 9046206 a multiple of 201?
True
Is 325253390 a multiple of 22?
True
Is 37 a factor of 11364180?
True
Is 3579 a factor of 480903072?
True
Is 35 a factor of 69970635?
True
Is 519546 a multiple of 1322?
True
Does 58 divide 16358784?
True
Is 10 a factor of 94822251?
False
Is 267223934 a multiple of 19?
False
Is 1989